{"id":75,"date":"2025-09-15T14:52:44","date_gmt":"2025-09-15T17:52:44","guid":{"rendered":"https:\/\/progepe.ufape.edu.br\/?page_id=75"},"modified":"2025-10-09T09:30:23","modified_gmt":"2025-10-09T12:30:23","slug":"abra-chamado","status":"publish","type":"page","link":"https:\/\/progepe.ufape.edu.br\/?page_id=75","title":{"rendered":"Abra Chamado"},"content":{"rendered":"\t\t<div data-elementor-type=\"wp-page\" data-elementor-id=\"75\" class=\"elementor elementor-75\">\n\t\t\t\t<div class=\"elementor-element elementor-element-1cc5139 e-flex e-con-boxed wpr-particle-no wpr-jarallax-no wpr-parallax-no wpr-sticky-section-no e-con e-parent\" data-id=\"1cc5139\" data-element_type=\"container\">\n\t\t\t\t\t<div class=\"e-con-inner\">\n\t\t\t\t<div class=\"elementor-element elementor-element-48f2334 eael-contact-form-7-button-align-left eael-contact-form-7-button-custom elementor-widget elementor-widget-eael-contact-form-7\" data-id=\"48f2334\" data-element_type=\"widget\" data-widget_type=\"eael-contact-form-7.default\">\n\t\t\t\t\t<div class=\"eael-contact-form-7-wrapper\">\n                <div class=\"eael-contact-form eael-contact-form-7 eael-contact-form-48f2334 placeholder-show eael-contact-form-align-default\"><div class=\"eael-contact-form-7-heading\"><h3 class=\"eael-contact-form-title eael-contact-form-7-title\">\n                                    Abra Chamado\n                                <\/h3><\/div>\n<div class=\"wpcf7 no-js\" id=\"wpcf7-f77-o1\" lang=\"pt-BR\" dir=\"ltr\" data-wpcf7-id=\"77\">\n<div class=\"screen-reader-response\"><p role=\"status\" aria-live=\"polite\" aria-atomic=\"true\"><\/p> <ul><\/ul><\/div>\n<form action=\"\/index.php?rest_route=%2Fwp%2Fv2%2Fpages%2F75#wpcf7-f77-o1\" method=\"post\" class=\"wpcf7-form init\" aria-label=\"Formul\u00e1rios de contato\" enctype=\"multipart\/form-data\" novalidate=\"novalidate\" data-status=\"init\">\n<fieldset class=\"hidden-fields-container\"><input type=\"hidden\" name=\"_wpcf7\" value=\"77\" \/><input type=\"hidden\" name=\"_wpcf7_version\" value=\"6.1.2\" \/><input type=\"hidden\" name=\"_wpcf7_locale\" value=\"pt_BR\" \/><input type=\"hidden\" name=\"_wpcf7_unit_tag\" value=\"wpcf7-f77-o1\" \/><input type=\"hidden\" name=\"_wpcf7_container_post\" value=\"0\" \/><input type=\"hidden\" name=\"_wpcf7_posted_data_hash\" value=\"\" \/><input type=\"hidden\" name=\"_wpcf7cf_hidden_group_fields\" value=\"[]\" \/><input type=\"hidden\" name=\"_wpcf7cf_hidden_groups\" value=\"[]\" \/><input type=\"hidden\" name=\"_wpcf7cf_visible_groups\" value=\"[]\" \/><input type=\"hidden\" name=\"_wpcf7cf_repeaters\" value=\"[]\" \/><input type=\"hidden\" name=\"_wpcf7cf_steps\" value=\"{}\" \/><input type=\"hidden\" name=\"_wpcf7cf_options\" value=\"{&quot;form_id&quot;:77,&quot;conditions&quot;:[{&quot;then_field&quot;:&quot;group-402&quot;,&quot;and_rules&quot;:[{&quot;if_field&quot;:&quot;sim-nao&quot;,&quot;operator&quot;:&quot;equals&quot;,&quot;if_value&quot;:&quot;Sim&quot;}]},{&quot;then_field&quot;:&quot;group-aluno&quot;,&quot;and_rules&quot;:[{&quot;if_field&quot;:&quot;radio-820&quot;,&quot;operator&quot;:&quot;equals&quot;,&quot;if_value&quot;:&quot;Estudante&quot;}]},{&quot;then_field&quot;:&quot;group-prof&quot;,&quot;and_rules&quot;:[{&quot;if_field&quot;:&quot;radio-820&quot;,&quot;operator&quot;:&quot;equals&quot;,&quot;if_value&quot;:&quot;Professor&quot;}]},{&quot;then_field&quot;:&quot;group-tecn&quot;,&quot;and_rules&quot;:[{&quot;if_field&quot;:&quot;radio-820&quot;,&quot;operator&quot;:&quot;equals&quot;,&quot;if_value&quot;:&quot;T\\u00e9cnico Administrativo&quot;}]},{&quot;then_field&quot;:&quot;group-fun&quot;,&quot;and_rules&quot;:[{&quot;if_field&quot;:&quot;radio-820&quot;,&quot;operator&quot;:&quot;equals&quot;,&quot;if_value&quot;:&quot;Funcion\\u00e1rio&quot;}]}],&quot;settings&quot;:{&quot;animation&quot;:&quot;yes&quot;,&quot;animation_intime&quot;:200,&quot;animation_outtime&quot;:200,&quot;conditions_ui&quot;:&quot;normal&quot;,&quot;notice_dismissed&quot;:false}}\" \/><input type=\"hidden\" name=\"_wpcf7_recaptcha_response\" value=\"\" \/>\n<\/fieldset>\n<p><label> Dados do Solicitante <\/label><br \/>\n<label> Nome*<br \/>\n<span class=\"wpcf7-form-control-wrap\" data-name=\"nome\"><input size=\"40\" maxlength=\"400\" class=\"wpcf7-form-control wpcf7-text wpcf7-validates-as-required\" autocomplete=\"name\" aria-required=\"true\" aria-invalid=\"false\" value=\"\" type=\"text\" name=\"nome\" \/><\/span> <\/label>\n<\/p>\n<p><label> E-mail*<br \/>\n<span class=\"wpcf7-form-control-wrap\" data-name=\"email\"><input size=\"40\" maxlength=\"400\" class=\"wpcf7-form-control wpcf7-email wpcf7-validates-as-required wpcf7-text wpcf7-validates-as-email\" autocomplete=\"email\" aria-required=\"true\" aria-invalid=\"false\" value=\"\" type=\"email\" name=\"email\" \/><\/span> <\/label>\n<\/p>\n<p><label> Local para atendimento <\/label>\n<\/p>\n<p><label> Pr\u00e9dio* <span class=\"wpcf7-form-control-wrap\" data-name=\"predio\"><input size=\"40\" maxlength=\"400\" class=\"wpcf7-form-control wpcf7-text wpcf7-validates-as-required\" aria-required=\"true\" aria-invalid=\"false\" value=\"\" type=\"text\" name=\"predio\" \/><\/span> <\/label>\n<\/p>\n<p><label> Sala* <span class=\"wpcf7-form-control-wrap\" data-name=\"sala\"><input size=\"40\" maxlength=\"400\" class=\"wpcf7-form-control wpcf7-text wpcf7-validates-as-required\" aria-required=\"true\" aria-invalid=\"false\" value=\"\" type=\"text\" name=\"sala\" \/><\/span><\/label>\n<\/p>\n<p><label> V\u00ednculo com a UFAPE*<\/label><span class=\"wpcf7-form-control-wrap\" data-name=\"radio-820\"><span class=\"wpcf7-form-control wpcf7-radio\"><span class=\"wpcf7-list-item first\"><label><input type=\"radio\" name=\"radio-820\" value=\"Estudante\" \/><span class=\"wpcf7-list-item-label\">Estudante<\/span><\/label><\/span><span class=\"wpcf7-list-item\"><label><input type=\"radio\" name=\"radio-820\" value=\"Professor\" \/><span class=\"wpcf7-list-item-label\">Professor<\/span><\/label><\/span><span class=\"wpcf7-list-item\"><label><input type=\"radio\" name=\"radio-820\" value=\"T\u00e9cnico Administrativo\" \/><span class=\"wpcf7-list-item-label\">T\u00e9cnico Administrativo<\/span><\/label><\/span><span class=\"wpcf7-list-item last\"><label><input type=\"radio\" name=\"radio-820\" value=\"Funcion\u00e1rio\" \/><span class=\"wpcf7-list-item-label\">Funcion\u00e1rio<\/span><\/label><\/span><\/span><\/span>\n<\/p>\n<div data-id=\"group-aluno\" data-orig_data_id=\"group-aluno\"  class=\"\" data-class=\"wpcf7cf_group\">\n\t<p>Matr\u00edcula* <span class=\"wpcf7-form-control-wrap\" data-name=\"aluno\"><input size=\"40\" maxlength=\"400\" class=\"wpcf7-form-control wpcf7-text wpcf7-validates-as-required\" aria-required=\"true\" aria-invalid=\"false\" value=\"\" type=\"text\" name=\"aluno\" \/><\/span>\n\t<\/p>\n<\/div>\n<div data-id=\"group-prof\" data-orig_data_id=\"group-prof\"  class=\"\" data-class=\"wpcf7cf_group\">\n\t<p>SIAPE* <span class=\"wpcf7-form-control-wrap\" data-name=\"prof\"><input size=\"40\" maxlength=\"400\" class=\"wpcf7-form-control wpcf7-text wpcf7-validates-as-required\" aria-required=\"true\" aria-invalid=\"false\" value=\"\" type=\"text\" name=\"prof\" \/><\/span>\n\t<\/p>\n<\/div>\n<div data-id=\"group-tecn\" data-orig_data_id=\"group-tecn\"  class=\"\" data-class=\"wpcf7cf_group\">\n\t<p>SIAPE_TEC* <span class=\"wpcf7-form-control-wrap\" data-name=\"tecn\"><input size=\"40\" maxlength=\"400\" class=\"wpcf7-form-control wpcf7-text wpcf7-validates-as-required\" aria-required=\"true\" aria-invalid=\"false\" value=\"\" type=\"text\" name=\"tecn\" \/><\/span>\n\t<\/p>\n<\/div>\n<div data-id=\"group-fun\" data-orig_data_id=\"group-fun\"  class=\"\" data-class=\"wpcf7cf_group\">\n\t<p>Qual sua profiss\u00e3o?* <span class=\"wpcf7-form-control-wrap\" data-name=\"fun\"><input size=\"40\" maxlength=\"400\" class=\"wpcf7-form-control wpcf7-text wpcf7-validates-as-required\" aria-required=\"true\" aria-invalid=\"false\" value=\"\" type=\"text\" name=\"fun\" \/><\/span>\n\t<\/p>\n<\/div>\n<p><label> Descri\u00e7\u00e3o do Problema*<br \/>\n<span class=\"wpcf7-form-control-wrap\" data-name=\"descricao\"><input size=\"40\" maxlength=\"400\" class=\"wpcf7-form-control wpcf7-text wpcf7-validates-as-required\" aria-required=\"true\" aria-invalid=\"false\" value=\"\" type=\"text\" name=\"descricao\" \/><\/span> <\/label>\n<\/p>\n<p><label> Solicita\u00e7\u00e3o*<br \/>\n<span class=\"wpcf7-form-control-wrap\" data-name=\"solicitacao\"><textarea cols=\"40\" rows=\"10\" maxlength=\"2000\" class=\"wpcf7-form-control wpcf7-textarea wpcf7-validates-as-required\" aria-required=\"true\" aria-invalid=\"false\" name=\"solicitacao\"><\/textarea><\/span> <\/label>\n<\/p>\n<p><span class=\"wpcf7-form-control-wrap\" data-name=\"file-619\"><input size=\"40\" class=\"wpcf7-form-control wpcf7-file\" accept=\"audio\/*,video\/*,image\/*\" aria-invalid=\"false\" type=\"file\" name=\"file-619\" \/><\/span>\n<\/p>\n<p><label> Solicita\u00e7\u00e3o de suporte para patrim\u00f4nio?* <span class=\"wpcf7-form-control-wrap\" data-name=\"sim-nao\"><select class=\"wpcf7-form-control wpcf7-select wpcf7-validates-as-required\" aria-required=\"true\" aria-invalid=\"false\" name=\"sim-nao\"><option value=\"- Selecione -\">- Selecione -<\/option><option value=\"N\u00e3o\">N\u00e3o<\/option><option value=\"Sim\">Sim<\/option><\/select><\/span><\/label>\n<\/p>\n<div data-id=\"group-402\" data-orig_data_id=\"group-402\"  class=\"\" data-class=\"wpcf7cf_group\">\n\t<p><label>N\u00famero de patrim\u00f4nio: <span class=\"wpcf7-form-control-wrap\" data-name=\"patri-sim\"><input class=\"wpcf7-form-control wpcf7-number wpcf7-validates-as-number\" aria-invalid=\"false\" value=\"\" type=\"number\" name=\"patri-sim\" \/><\/span><\/label>\n\t<\/p>\n<\/div>\n<span class=\"wpcf7-form-control-wrap recaptcha\" data-name=\"recaptcha\"><span data-sitekey=\"6LepLwgsAAAAAH3t9UjxF08KLgnqFKjz9hHyf14N\" class=\"wpcf7-form-control wpcf7-recaptcha g-recaptcha\"><\/span>\r\n<noscript>\r\n\t<div class=\"grecaptcha-noscript\">\r\n\t\t<iframe src=\"https:\/\/www.google.com\/recaptcha\/api\/fallback?k=6LepLwgsAAAAAH3t9UjxF08KLgnqFKjz9hHyf14N\" frameborder=\"0\" scrolling=\"no\" width=\"310\" height=\"430\">\r\n\t\t<\/iframe>\r\n\t\t<textarea name=\"g-recaptcha-response\" rows=\"3\" cols=\"40\" placeholder=\"reCaptcha Response Here\">\r\n\t\t<\/textarea>\r\n\t<\/div>\r\n<\/noscript>\r\n<\/span>\n<p><input class=\"wpcf7-form-control wpcf7-submit has-spinner\" type=\"submit\" value=\"Enviar\" \/>\n<\/p><div class=\"wpcf7-response-output\" aria-hidden=\"true\"><\/div>\n<\/form>\n<\/div>\n<\/div>\n            <\/div>\t\t\t\t<\/div>\n\t\t\t\t\t<\/div>\n\t\t\t\t<\/div>\n\t\t\t\t<\/div>\n\t\t","protected":false},"excerpt":{"rendered":"<p>Abra Chamado Dados do Solicitante Nome* E-mail* Local para atendimento Pr\u00e9dio* Sala* V\u00ednculo com a UFAPE*EstudanteProfessorT\u00e9cnico AdministrativoFuncion\u00e1rio Matr\u00edcula* SIAPE* SIAPE_TEC* Qual sua profiss\u00e3o?* Descri\u00e7\u00e3o do Problema* Solicita\u00e7\u00e3o* Solicita\u00e7\u00e3o de suporte para patrim\u00f4nio?* &#8211; Selecione &#8211;N\u00e3oSim N\u00famero de patrim\u00f4nio: [recaptcha]<\/p>\n","protected":false},"author":1,"featured_media":0,"parent":0,"menu_order":0,"comment_status":"closed","ping_status":"closed","template":"","meta":{"site-sidebar-layout":"no-sidebar","site-content-layout":"","ast-site-content-layout":"full-width-container","site-content-style":"default","site-sidebar-style":"default","ast-global-header-display":"","ast-banner-title-visibility":"","ast-main-header-display":"","ast-hfb-above-header-display":"","ast-hfb-below-header-display":"","ast-hfb-mobile-header-display":"","site-post-title":"disabled","ast-breadcrumbs-content":"","ast-featured-img":"disabled","footer-sml-layout":"","theme-transparent-header-meta":"","adv-header-id-meta":"","stick-header-meta":"","header-above-stick-meta":"","header-main-stick-meta":"","header-below-stick-meta":"","astra-migrate-meta-layouts":"default","ast-page-background-enabled":"default","ast-page-background-meta":{"desktop":{"background-color":"var(--ast-global-color-5)","background-image":"","background-repeat":"repeat","background-position":"center center","background-size":"auto","background-attachment":"scroll","background-type":"","background-media":"","overlay-type":"","overlay-color":"","overlay-opacity":"","overlay-gradient":""},"tablet":{"background-color":"","background-image":"","background-repeat":"repeat","background-position":"center center","background-size":"auto","background-attachment":"scroll","background-type":"","background-media":"","overlay-type":"","overlay-color":"","overlay-opacity":"","overlay-gradient":""},"mobile":{"background-color":"","background-image":"","background-repeat":"repeat","background-position":"center center","background-size":"auto","background-attachment":"scroll","background-type":"","background-media":"","overlay-type":"","overlay-color":"","overlay-opacity":"","overlay-gradient":""}},"ast-content-background-meta":{"desktop":{"background-color":"var(--ast-global-color-4)","background-image":"","background-repeat":"repeat","background-position":"center center","background-size":"auto","background-attachment":"scroll","background-type":"","background-media":"","overlay-type":"","overlay-color":"","overlay-opacity":"","overlay-gradient":""},"tablet":{"background-color":"var(--ast-global-color-4)","background-image":"","background-repeat":"repeat","background-position":"center center","background-size":"auto","background-attachment":"scroll","background-type":"","background-media":"","overlay-type":"","overlay-color":"","overlay-opacity":"","overlay-gradient":""},"mobile":{"background-color":"var(--ast-global-color-4)","background-image":"","background-repeat":"repeat","background-position":"center center","background-size":"auto","background-attachment":"scroll","background-type":"","background-media":"","overlay-type":"","overlay-color":"","overlay-opacity":"","overlay-gradient":""}},"footnotes":""},"class_list":["post-75","page","type-page","status-publish","hentry"],"_links":{"self":[{"href":"https:\/\/progepe.ufape.edu.br\/index.php?rest_route=\/wp\/v2\/pages\/75","targetHints":{"allow":["GET"]}}],"collection":[{"href":"https:\/\/progepe.ufape.edu.br\/index.php?rest_route=\/wp\/v2\/pages"}],"about":[{"href":"https:\/\/progepe.ufape.edu.br\/index.php?rest_route=\/wp\/v2\/types\/page"}],"author":[{"embeddable":true,"href":"https:\/\/progepe.ufape.edu.br\/index.php?rest_route=\/wp\/v2\/users\/1"}],"replies":[{"embeddable":true,"href":"https:\/\/progepe.ufape.edu.br\/index.php?rest_route=%2Fwp%2Fv2%2Fcomments&post=75"}],"version-history":[{"count":19,"href":"https:\/\/progepe.ufape.edu.br\/index.php?rest_route=\/wp\/v2\/pages\/75\/revisions"}],"predecessor-version":[{"id":146,"href":"https:\/\/progepe.ufape.edu.br\/index.php?rest_route=\/wp\/v2\/pages\/75\/revisions\/146"}],"wp:attachment":[{"href":"https:\/\/progepe.ufape.edu.br\/index.php?rest_route=%2Fwp%2Fv2%2Fmedia&parent=75"}],"curies":[{"name":"wp","href":"https:\/\/api.w.org\/{rel}","templated":true}]}}